highest common factor of v and 100.
20
Let j be (0 + (-24)/(-14))*385/5. Calculate the greatest common divisor of j and 176.
44
Let n = 704 - 554. Calculate the greatest common divisor of 15 and n.
15
Suppose 6*b + 19 - 79 = 0. Calculate the greatest common divisor of b and 160.
10
Suppose 4*g - 118 = 2*f, 0 = -g + 5*f - 2 + 27. Let a = 19 + -19. Suppose a = 3*t - 13 - 47. Calculate the highest common divisor of g and t.
10
Let g = -59 + 74. Let u = g + 23. Let d(x) = -56*x + 1. Let h be d(-1). Calculate the highest common divisor of h and u.
19
Let q be 20/5*11/4. Suppose -10*l + 912 = 142. What is the greatest common divisor of q and l?
11
Let j(u) = 2*u**2 + 47*u - 341. Let a be j(-30). Let p = -8 - -15. What is the greatest common divisor of a and p?
7
Suppose 155 = 51*z - 100. What is the greatest common factor of z and 125?
5
Let u(v) = v**2 + 10*v + 6. Let q be u(-9). Let n be q*2/(-24)*-4. Let z be 4 + (16/1 - n). Calculate the greatest common divisor of 21 and z.
21
Let v(j) = -19*j + 20*j + 7*j - 4. Let h be v(5). Suppose -p = p - 18. Calculate the highest common divisor of h and p.
9
Suppose x + 11*r - 16*r = 626, 3*r = 2*x - 1280. What is the highest common factor of 34 and x?
34
Let n = 18 - 1. Let b(i) be the second derivative of 7*i**4/12 + i**3/6 + i**2 - 8*i. Let j be b(3). Calculate the highest common divisor of n and j.
17
Suppose -1 = 2*q - 13. Calculate the greatest common factor of q and 192.
6
Let p be 5 + 0 - 2*(-1 - 1). What is the highest common divisor of p and 279?
9
Suppose 2*u = 259 - 61. Let w = -11 + u. What is the greatest common factor of w and 8?
8
Let l(u) = 2*u + 5. Let y be l(1). Let p be 3*y - (-4)/(-8)*-2. What is the highest common divisor of 198 and p?
22
Suppose 2*u = 5*a - 133, 2*u - 6*a + 2*a = -128. Let f = u - -59. Let o = 0 - -5. Calculate the greatest common factor of f and o.
5
Suppose 5*p - 94 = 36. Suppose -5*a - 3*k = -1201 + 46, -4*k = -3*a + 722. Calculate the highest common factor of a and p.
26
Suppose -10*s + 7*s = 0. Suppose s = -4*k + 12, -z + 4*k + 9 = -0*k. Suppose t - 6 - 15 = 0. Calculate the highest common factor of t and z.
21
Let m be ((-32)/(-2))/(80/120). Calculate the highest common factor of 1272 and m.
24
Suppose -2*s + 6 = 5*u - 2, 4*s - 16 = -u. Suppose -5*h + 5*o + 75 = u, -2*h + 3*h - 20 = -4*o. Calculate the highest common divisor of 176 and h.
16
Let b be 4 + 113859/108 + 2/(-8). Calculate the highest common divisor of 46 and b.
46
Let v be 2 - -73 - (10 + -5). Let a = v - -130. What is the greatest common factor of a and 80?
40
Suppose 77 + 85 = 4*h - z, -2*h - 5*z + 70 = 0. Calculate the greatest common factor of 340 and h.
20
Let k be 4/16 - (-2 - (-1965)/20). Let s be (6/12)/((-1)/k). What is the highest common divisor of s and 24?
24
Suppose -4*w = -2*u - 2*w + 242, 5*u - 4*w - 608 = 0. What is the highest common divisor of 16 and u?
4
Let h be ((-6)/(-24))/((-2)/(-136)). Let i be (3 - 44/(-8))*(-4)/(-2). What is the highest common factor of h and i?
17
Suppose -p - 23 = -3*h + 4, 0 = -5*p - 4*h - 192. Let f be 14*11/(77/p). Let w be (-4)/10 + f/(-30). Calculate the greatest common factor of 2 and w.
2
Let z(h) = -6*h**3 + h**2 + 2*h + 1. Let t = -34 + 33. Let a be z(t). What is the greatest common factor of a and 54?
6
Let m = 46 - 16. Let a = 57 - m. What is the highest common factor of 189 and a?
27
Suppose -k = k. Suppose k = -4*l + 27 + 45. Let v = -1133 - -1223. What is the greatest common divisor of v and l?
18
Let c = -439 - -490. Calculate the highest common factor of c and 289.
17
Let z be ((-1)/2)/(10/25)*-8. Calculate the highest common divisor of z and 6.
2
Suppose -5*n + 394 = 359. Calculate the greatest common divisor of n and 147.
7
Let p(i) = 5*i**2 + 10*i + 1. Let t be p(-6). Let c = t + -86. What is the highest common factor of c and 140?
35
Suppose 0 = -20*t + 1093 - 333. Calculate the highest common factor of t and 893.
19
Let h be 2308 + -5 - (-1 - -3). Calculate the highest common factor of h and 59.
59
Let m = 880 + -694. What is the greatest common factor of 620 and m?
62
Let a be 454 - -7 - (1 - 1). Suppose -a = -8*f + 883. Calculate the highest common factor of 21 and f.
21
Suppose m - 2*d - 172 = 0, 3*m + 16*d = 17*d + 491. Calculate the greatest common factor of m and 90.
18
Let w(s) = -s**3 + 32*s**2 - 66*s + 193. Let p be w(30). What is the greatest common divisor of 286 and p?
13
Let m(u) = -5*u - 15. Let p(d) = 11*d + 30. Let z(h) = -13*m(h) - 6*p(h). Let l be z(0). What is the highest common factor of 3 and l?
3
Let j be (-8 + 10)/((-4)/(-26)). Let c be (3 + 99/6)*(-1 + 3). What is the greatest common divisor of c and j?
13
Let g(f) = -3*f + 1. Let q be g(0). Let l be 7 - 0/(q - -2). Let n = l + 1. What is the greatest common divisor of 8 and n?
8
Suppose -382*n = -391*n + 4158. Calculate the highest common factor of n and 14.
14
Suppose -2 = 2*b - 2*r, 0 = -5*b + 2*r - 8 + 3. Let j = b - -12. Calculate the greatest common divisor of j and 121.
11
Let x = 713 + -611. Calculate the greatest common factor of 765 and x.
51
Let j be 54/(-126) - (-76)/14. Suppose o + 2*i = 3*i + 1, -o - j = -3*i. Suppose -o*g - 21 = -7*g. Calculate the highest common factor of 49 and g.
7
Let o be (1/5)/(5/125). Let h be (1/1 + -16)*-1. What is the greatest common factor of o and h?
5
Let m(d) = d**2 - 18*d + 340. Let l be m(0). What is the highest common divisor of l and 12?
4
Let k be 0 + (6 - (-1 + 3)). Suppose 0 = -k*q + 6 + 6. What is the greatest common factor of q and 27?
3
Let o be (-480)/56*(-63)/6. What is the greatest common factor of o and 576?
18
Suppose 297 = 2*n + 3*q, 5*q + 182 = 4*n - 445. Calculate the greatest common factor of 18 and n.
9
Let a(q) = q**3 - 14*q**2 - 30*q - 6. Let y be a(17). Calculate the greatest common factor of y and 13.
13
Let b = 8 + 14. Suppose -i + 3*n = 3, 3*n - n + 8 = 4*i. Suppose i*p - 24 = 42. Calculate the highest common divisor of p and b.
22
Suppose 5*d - 75 = 2*n - 16, 0 = -3*d + n + 35. Let k be (d + -7)/(1/20). What is the greatest common factor of k and 32?
16
Let a = -969 + 1244. Calculate the highest common divisor of a and 200.
25
Let p(i) = -i**2 + 5*i + 8. Let h be p(9). Let m = h + 43. Calculate the highest common factor of 5 and m.
5
Suppose -3*n - 16 = n. Let i(k) = k**3 + 5*k**2 - 4*k - 6. Let b be i(n). What is the highest common factor of b and 39?
13
Suppose -u + 4*a = 102, 4*u - 3*a - 76 + 484 = 0. Let s = 214 + u. Calculate the highest common factor of 16 and s.
16
Let v be -11*((-70)/(-2))/(-5). Calculate the highest common divisor of 14 and v.
7
Suppose z + 3*d = 6*z - 90, 2*d = -4*z + 50. Suppose 3*s = 9, 0*n - n + 3*s - z = 0. Let f be 1/(-3) - 1250/n. Calculate the highest common divisor of 26 and f.
26
Let y be 3/((9/(-12))/(-3)). Suppose 0 = 4*v + 6705 - 6825. What is the highest common factor of v and y?
6
Let f = -350 + 693. What is the highest common factor of 49 and f?
49
Let j(y) = y**3 - 3*y**2 + 3. Let u be j(3). Let g = -19 - -15. Let w be (g - (-1)/((-6)/(-23)))*-6. What is the highest common factor of u and w?
1
Suppose -2*u - 5613 = -5*t, 12*u = 17*u + 20. What is the greatest common factor of 19 and t?
19
Let h be (-812)/(-9) - (-34)/(-153). What is the greatest common divisor of h and 150?
30
Let d = 21 - 10. Let v = 6 + 38. Suppose v = 6*s - 4*s. What is the highest common factor of d and s?
11
Let q(t) = 3*t + 222. Let z be q(-36). What is the highest common divisor of z and 6?
6
Let p(f) be the third derivative of -4*f**4/3 + 3*f**3 - 34*f**2. Let h be p(-7). Calculate the greatest common divisor of h and 22.
22
Let q = -837 - -1011. What is the highest common divisor of 36 and q?
6
Suppose -14 = v - 16. Suppose 14 + 22 = v*c. Let q = c - 3. What is the greatest common factor of q and 30?
15
Let j = 24 + 2. Let w be -51*(3 + -2)/(-1) - -1. Calculate the greatest common divisor of w and j.
26
Suppose -7*r + 5*r = -8. Suppose 3*b + b = 16. Suppose -u = -b*u, -3*g + r*u + 15 = 0. What is the greatest common factor of g and 10?
5
Suppose 4*b = -4*w + 1140, -12*b = -13*b + w + 275. Suppose 36 = o + l, 0*l + 101 = 3*o - 4*l. Calculate the highest common divisor of b and o.
35
Suppose 166 = 11*t - 98. Suppose 0 = 6*n - 2*n - 240. What is the greatest common divi